= -y**2 - 6*y + 18. Give i(-6).
18
Let b(a) = -a**2 - 22*a + 42. Give b(-24).
-6
Let v(j) = j**3 - 24*j**2 + 21*j + 16. Determine v(23).
-30
Let k(r) = -7*r**2 + 85*r - 8. What is k(12)?
4
Let n(z) = -29*z + 25. Give n(1).
-4
Let v(u) = -u**3 - 6*u**2 - 2*u + 7. Give v(-5).
-8
Let h(y) = -11*y + 1. Determine h(-4).
45
Let c(b) = -b**3 + 4*b**2 - 8. Calculate c(3).
1
Let a(q) = q**3 - 2*q**2 + 13*q - 27. Calculate a(2).
-1
Let q(a) = 40*a + 11. Determine q(2).
91
Let k(c) = -3*c**2 + 3*c + 1. Give k(-1).
-5
Let m(v) = 4*v**3 + v**2 + v - 1. What is m(1)?
5
Let r(j) = j**2 - 14*j + 22. Calculate r(9).
-23
Let j(f) = -6*f - 41. Calculate j(8).
-89
Let p(u) = 15*u + 200. What is p(-13)?
5
Let a(f) = -f**3 + 2*f**2 + 2*f + 2. Calculate a(4).
-22
Let h(a) = 41*a + 161. What is h(-4)?
-3
Let x(o) = -6*o**2 - 8*o - 9. Calculate x(-4).
-73
Let a(o) = o**3 + 2*o**2 - 8*o - 6. What is a(0)?
-6
Let p(q) = -14*q - 109. What is p(-7)?
-11
Let f(z) = z**3 + 12*z**2 + 15*z + 11. Calculate f(-11).
-33
Let f(r) = 4*r + 8. Calculate f(-5).
-12
Let n(g) = -g**3 + 4*g**2 + 11*g + 3. Give n(6).
-3
Let u(l) = -l**2 + 8*l - 4. What is u(6)?
8
Let t(g) = -g**2 - 1. Calculate t(0).
-1
Let x(l) = -l**2 + 8*l - 3. Calculate x(10).
-23
Let t(w) = -37*w - 41. Calculate t(-6).
181
Let x(y) = 21*y - 54. Calculate x(8).
114
Let h(g) = -g**3 + 3*g**2 + 4*g + 1. Determine h(4).
1
Let a(q) = -6*q + 17. What is a(0)?
17
Let w(v) = v**2 - 35. What is w(-4)?
-19
Let f(d) = -d**2 - 24*d - 32. What is f(-23)?
-9
Let a(w) = -w**2 - 3*w + 10. What is a(-5)?
0
Let v(b) = 12*b + 61. What is v(-6)?
-11
Let u(s) = -s - 25. What is u(-29)?
4
Let z(v) = v**2 - 10*v - 80. Calculate z(-6).
16
Let q(p) = -2*p**3 + 6*p**2 - 4*p - 7. What is q(3)?
-19
Let h(r) = r**3 - 5*r**2 + 4*r + 7. Determine h(3).
1
Let n(g) = g**2 + 12*g + 6. Calculate n(-10).
-14
Let l(f) = -f**3 - 9*f**2 + 7*f + 14. What is l(-10)?
44
Let j(o) = -o**2 - 14*o + 9. Give j(-12).
33
Let y(i) = 2*i**2. Determine y(3).
18
Let z(q) = q**2 - 12*q - 1. What is z(-2)?
27
Let g(s) = s**2 - 19*s - 23. Calculate g(20).
-3
Let r(o) = o**2 - 13*o - 37. What is r(15)?
-7
Let h(w) = w**2 - 18*w - 1. Give h(18).
-1
Let j(i) = i - 3. Calculate j(5).
2
Let r(d) = 3*d**3 - 22*d**2 - 19*d + 25. What is r(8)?
1
Let n(s) = -s**2 + 12*s + 24. Give n(14).
-4
Let r(i) = -2*i**2 - 28*i + 20. What is r(-15)?
-10
Let w(s) = 6*s - 1. Determine w(-8).
-49
Let z(u) = -u**3 - 4*u**2 - 3*u - 5. What is z(-4)?
7
Let c(s) = -2*s**2 + 26*s - 17. Calculate c(12).
7
Let u(l) = l**3 + 10*l**2 - 45*l - 35. Determine u(-13).
43
Let k(v) = 5*v**2 + 6*v. Determine k(-2).
8
Let u(h) = h**2 - 2*h - 7. Give u(-3).
8
Let i(n) = 9*n + 24. What is i(12)?
132
Let u(p) = -175*p - 1923. Calculate u(-11).
2
Let i(z) = -15*z + 136. Give i(9).
1
Let b(r) = -5*r - 1. What is b(-4)?
19
Let j(b) = -b**3 - 8*b**2 - 8*b - 5. Determine j(-6).
-29
Let k(g) = g**3 - 9*g**2 + 3*g - 1. Calculate k(9).
26
Let f(s) = s**3 - 16*s**2 + s - 25. Determine f(16).
-9
Let y(t) = t**3 + 8*t - 17. Determine y(3).
34
Let g(u) = 7*u**2. Determine g(1).
7
Let g(d) = 5*d**2 + 2*d - 6. What is g(-3)?
33
Let n(o) = -4*o**2 + 26*o + 14. What is n(7)?
0
Let o(w) = 5*w - 9. Determine o(3).
6
Let y(q) = q**2 - 13*q + 1. What is y(-3)?
49
Let r(c) = c**3 - 7*c**2 + 3*c. Calculate r(4).
-36
Let o(k) = -k**3 + 35*k**2 + 114*k + 7. Calculate o(38).
7
Let z(c) = 2*c**2 + 14*c + 3. What is z(-7)?
3
Let t(q) = q**3 + 8*q**2 + 8*q + 7. What is t(-6)?
31
Let w(n) = -12*n + 185. Determine w(0).
185
Let w(i) = i**3 - 17*i**2 + 14*i + 48. Give w(16).
16
Let q(w) = -48*w - 1. What is q(1)?
-49
Let c(r) = -r**3 - r**2 + r - 10. What is c(0)?
-10
Let d(l) = -l**2 + 26*l - 98. Give d(22).
-10
Let c(x) = -6*x**2 - 88*x + 26. Give c(-15).
-4
Let s(o) = -5*o**2 - 13*o - 4. Calculate s(-3).
-10
Let a(j) = j**2 + 8*j + 30. Calculate a(-12).
78
Let k(i) = -3*i + 7. Determine k(5).
-8
Let c(v) = v**3 - 10*v**2 + 7*v + 5. Determine c(9).
-13
Let v(i) = -i**2 + 5*i + 19. What is v(-6)?
-47
Let f(q) = -8*q**2 + 5*q + 6. Determine f(-1).
-7
Let n(u) = -u**2 - 10*u + 5. Determine n(-13).
-34
Let x(q) = -4*q**2 + 30*q + 95. What is x(10)?
-5
Let x(m) = -121*m - 245. Determine x(-2).
-3
Let t(g) = -g - 5. What is t(-13)?
8
Let z(s) = 3*s**2 + 16*s - 6. Give z(-8).
58
Let x(u) = -4*u + 70. Give x(11).
26
Let d(w) = -w**3 + 18*w**2 + 8*w - 22. What is d(18)?
122
Let r(i) = -i**2 + 2*i - 15. Give r(0).
-15
Let u(k) = k**3 - 11*k**2 - 25*k - 22. What is u(13)?
-9
Let z(o) = 28*o + 376. Calculate z(-14).
-16
Let t(p) = 2*p + 5. Give t(4).
13
Let i(a) = -13*a - 352. Give i(-28).
12
Let g(j) = -2*j**3 - 2*j**2 - j - 2. Give g(-2).
8
Let i(y) = -y**3 + 17*y**2 + 2*y - 31. What is i(17)?
3
Let b(h) = -h - 11. Determine b(-7).
-4
Let x(j) = j**3 - j**2 + 4. What is x(0)?
4
Let u(p) = p + 10. Give u(-15).
-5
Let i(n) = n**3 + 14*n**2 + 7*n - 10. Calculate i(-13).
68
Let d(k) = 3*k + 4. Calculate d(7).
25
Let u(d) = -d**2 + d - 11. Calculate u(0).
-11
Let w(v) = -3*v**2 + 5*v - 11. Calculate w(2).
-13
Let p(y) = -y**3 - 10*y**2 - 10*y - 7. Determine p(-9).
2
Let a(t) = -3*t + 86. Determine a(17).
35
Let k(i) = i**2 + 16*i - 14. What is k(-17)?
3
Let c(d) = d**3 + 6*d**2 - 187*d + 3. Give c(-17).
3
Let d(w) = 2*w**3 - 9*w**2 + 8*w. Determine d(5).
65
Let n(z) = -18*z - 41. Determine n(-6).
67
Let q(x) = -5*x + 81. What is q(19)?
-14
Let q(k) = 41*k + 1. Determine q(2).
83
Let g(u) = 6*u**3 - 2*u**2 - 5*u - 4. What is g(-1)?
-7
Let k(i) = 2*i**2 - 16*i + 19. Calculate k(5).
-11
Let q(n) = 2*n**2 - 36*n + 14. What is q(17)?
-20
Let s(m) = -m**2 - m - 1. Determine s(-1).
-1
Let y(w) = w**2 + 11*w - 29. What is y(-14)?
13
Let q(n) = n**3 + 8*n**2 + 8*n + 12. Determine q(-7).
5
Let c(z) = -z**3 + 17*z**2 + 20*z - 9. Give c(18).
27
Let q(c) = c**3 - 15*c**2 - c + 2. Determine q(15).
-13
Let j(g) = 2*g**3 - g**2 + 4. What is j(-2)?
-16
Let v(t) = -3*t**2 - 5*t - 3. Determine v(-3).
-15
Let b(h) = h + 5. What is b(-3)?
2
Let g(c) = c**3 - 5*c**2 - 6*c - 1. Give g(5).
-31
Let o(x) = x**3 + 4*x**2 - 3*x + 15. Calculate o(-5).
5
Let a(t) = t - 7. Give a(-5).
-12
Let m(j) = 2*j**2 - 15*j + 7. Determine m(7).
0
Let q(c) = 4*c**2 + 3*c + 3. Calculate q(-2).
13
Let f(a) = -3*a**2 - 69. What is f(0)?
-69
Let j(f) = -f**2 - 21*f + 2. Calculate j(-9).
110
Let p(b) = -b**3 + b**2 - b + 1. What is p(-3)?
40
Let y(c) = -2*c + 27. Give y(6).
15
Let c(x) = -53*x - 2. What is c(-1)?
51
Let y(a) = -4*a - 2. Give y(1).
-6
Let q(t) = -t**3 - 18*t**2 - 33*t - 16. Calculate q(-16).
0
Let v(z) = z**2 - 9*z - 17. Determine v(9).
-17
Let h(z) = -z**3 - 19*z**2 + 29*z + 5. Give h(-20).
-175
Let c(g) = 12*g**2 + 11*g - 5. Calculate c(-4).
143
Let u(d) = 33*d**2. Determine u(-1).
33
Let c(q) = 3*q**3 + q**2 - 2*q - 2. Give c(-2).
-18
Let g(q) = -4*q - 19. Calculate g(-6).
5
Let h(q) = q**3 + 2*q**2 - 5*q - 5. Determine h(-2).
5
Let y(k) = -3*k**2 - 23*k - 25. Determine y(-6).
5
Let a(n) = n**3 + 34*n**2 - 60*n + 432. Calculate a(-36).
0
Let u(o) = 2*o**3 + 41*o**2 + 22*o + 44. What is u(-20)?
4
Let v(g) = g**3 - 5*g**2 + 7*g - 3. Give v(3).
0
Let a(r) = 3*r**2 + 8*r + 4. Give a(-5).
39
Let r(v) = -5*v**2 - 2*v + 3. What is r(1)?
-4
Let a(l) = l**2 + 26*l + 150. What is a(-17)?
-3
Let q(r) = -r**3 + 7*r**2 - 7*r - 15. Calculate q(4).
5
Let h(p) = -p**3 - 18*p**2 - 20*p - 31. What is h(-17)?
20
Let x(r) = r**2 - 11*r - 16. Give x(11).
-16
Let d(s) = s - 1. Give d(-1).
-2
Let c(v) = 2*v**3 + 7*v**2 + 5*v. Determine c(-4).
-36
Let g(u) = -u**3 - 19*u**2 - 20*u - 35. What is g(-18)?
1
Let t(p) = -p**2 + 13*p - 34. What is t(3)?
-4
Let w(u) = u**2 + 2*u - 6. Determine w(4).
18
Let p(a) = -4*a + 31. Determine p(7).
3
Let g(t) = t**3 - 6*t**2 + t - 6. What is g(6)?
0
Let u(d) = 4*d**2 - 11*d. What is u(2)?
-6
Let a(q) = q**3 + q**2 + 2*q + 3. Give a(-2).
-5
Let l(u) = u**2 + 9*u + 17. What is l(-7)?
3
Let r(q) = 134*q + 1743. Give r(-13).
1
Let t(v) = -3*v**2 - 15*v - 41. What is t(-6)?
-59
Let k(g) = -2*g**3 - 3*g**2 + 4. Calculate k(-3).
31
Let u(z) = -9*z**2 + 5*z + 10. Calculate u(-4).
-154
Let w(s) = -6*s + 16. What is w(9)?
-38
Let y(o) = -o**2 - 5*o - 2. Determine y(-6).
-8
Let s(d) = -d + 4. Determine s(2).
2
Let o(q) = -2*q**3 - 2*q**2 + 3*q - 2. Give o(1).
-3
Let y(v) = v + 129